{"id":2,"date":"2021-12-01T13:54:50","date_gmt":"2021-12-01T11:54:50","guid":{"rendered":"http:\/\/testiosoite7.com\/?page_id=2"},"modified":"2022-10-05T11:49:50","modified_gmt":"2022-10-05T08:49:50","slug":"vuokraus-ja-varausehdot","status":"publish","type":"page","link":"https:\/\/www.rukanaarre.fi\/?page_id=2","title":{"rendered":"Vuokraus- ja varausehdot"},"content":{"rendered":"\n<p>Vuokraaja hyv\u00e4ksyy ja sitoutuu noudattamaan m\u00f6kin k\u00e4ytt\u00f6\u00f6n liittyv\u00e4t vuokraehdot maksamalla varausmaksun. Vuokraehdot sitovat kumpaakin osapuolta, kun vuokraaja on suorittanut ennakkomaksun tai koko vuokrahinnan.<\/p>\n\n\n\n<p><em>Varaus on vahvistettu ja sitova, kun vuokraaja on maksanut ennakkomaksun (20 % majoitushinnasta). Vuokrahinta tulee maksettavaksi kokonaan, jos varauksen ajankohtaan on alle 30 vrk.<\/em><\/p>\n\n\n\n<p>M\u00f6kin edelleen- \/ j\u00e4lleenvuokraus kolmannelle osapuolelle on ehdottomasti kielletty. M\u00f6kin vuokrasopimus purkautuu v\u00e4litt\u00f6m\u00e4sti, mik\u00e4li v\u00e4\u00e4rink\u00e4yt\u00f6ksi\u00e4 havaitaan.<\/p>\n\n\n\n<p>M\u00f6kiss\u00e4 saa asua vain varausvahvistuksessa m\u00e4\u00e4ritelty henkil\u00f6m\u00e4\u00e4r\u00e4. Teltan tai asuntovaunujen\/-autojen k\u00e4ytt\u00f6 ilman vuokranantajan lupaa m\u00f6kin tontilla on kielletty.<\/p>\n\n\n\n<p>Kaikki m\u00f6kin varustukseen ja kuntoon liittyv\u00e4t huomautukset ja valitukset on teht\u00e4v\u00e4 viipym\u00e4tt\u00e4 vuokra-aikana suoraan vuokranantajalle.<\/p>\n\n\n\n<p>Peruutusehdot<\/p>\n\n\n\n<p>Peruutus on aina teht\u00e4v\u00e4 kirjallisesti s\u00e4hk\u00f6postilla vuokranantajalle. Jos peruutus tapahtuu 28 vuorokautta ennen varattua ajankohtaa, palautetaan maksetut suoritukset v\u00e4hennettyn\u00e4 peruutusmaksulla 300\u20ac.<\/p>\n\n\n\n<p>Jos peruutus tehd\u00e4\u00e4n my\u00f6hemmin kuin 28 vuorokautta ennen vuokra-ajankohtaa, asiakas ei ole oikeutettu vuokramaksujen palautukseen.<\/p>\n\n\n\n<p><em>Mik\u00e4li peruutus tehd\u00e4\u00e4n oman tai l\u00e4hiomaisen vakavan sairauden, onnettomuuden tai muun vakavan syyn vuoksi, voi vuokranantaja palauttaa maksetut suoritukset (lukuun ottamatta 300\u20ac peruutusmaksua), jos vuokraaja esitt\u00e4\u00e4 l\u00e4\u00e4k\u00e4rintodistuksen tai muun luotettavan selvityksen peruutuksen syyst\u00e4.<\/em><\/p>\n","protected":false},"excerpt":{"rendered":"<p>Vuokraaja hyv\u00e4ksyy ja sitoutuu noudattamaan m\u00f6kin k\u00e4ytt\u00f6\u00f6n liittyv\u00e4t vuokraehdot maksamalla varausmaksun. Vuokraehdot sitovat kumpaakin osapuolta, kun vuokraaja on suorittanut ennakkomaksun tai koko vuokrahinnan. Varaus on vahvistettu ja sitova, kun vuokraaja on maksanut ennakkomaksun (20 % majoitushinnasta). Vuokrahinta tulee maksettavaksi kokonaan, jos varauksen ajankohtaan on alle 30 vrk. M\u00f6kin edelleen- \/&#8230;<\/p>\n","protected":false},"author":1,"featured_media":0,"parent":0,"menu_order":0,"comment_status":"closed","ping_status":"closed","template":"","meta":{"footnotes":""},"class_list":["post-2","page","type-page","status-publish","hentry"],"_links":{"self":[{"href":"https:\/\/www.rukanaarre.fi\/index.php?rest_route=\/wp\/v2\/pages\/2","targetHints":{"allow":["GET"]}}],"collection":[{"href":"https:\/\/www.rukanaarre.fi\/index.php?rest_route=\/wp\/v2\/pages"}],"about":[{"href":"https:\/\/www.rukanaarre.fi\/index.php?rest_route=\/wp\/v2\/types\/page"}],"author":[{"embeddable":true,"href":"https:\/\/www.rukanaarre.fi\/index.php?rest_route=\/wp\/v2\/users\/1"}],"replies":[{"embeddable":true,"href":"https:\/\/www.rukanaarre.fi\/index.php?rest_route=%2Fwp%2Fv2%2Fcomments&post=2"}],"version-history":[{"count":3,"href":"https:\/\/www.rukanaarre.fi\/index.php?rest_route=\/wp\/v2\/pages\/2\/revisions"}],"predecessor-version":[{"id":98,"href":"https:\/\/www.rukanaarre.fi\/index.php?rest_route=\/wp\/v2\/pages\/2\/revisions\/98"}],"wp:attachment":[{"href":"https:\/\/www.rukanaarre.fi\/index.php?rest_route=%2Fwp%2Fv2%2Fmedia&parent=2"}],"curies":[{"name":"wp","href":"https:\/\/api.w.org\/{rel}","templated":true}]}}